r?
True
Is 614194633 a composite number?
True
Is 861867421 a composite number?
False
Is 5047256651 prime?
True
Is 225340443439 a prime number?
True
Is 518802607 a composite number?
True
Is 20537503381 prime?
False
Is 3527967887 a composite number?
False
Is 394174582189 a composite number?
True
Is 9481127081 composite?
False
Is 11270196763 a composite number?
True
Is 2228174437 a prime number?
True
Is 5310984893 composite?
True
Is 24410242803 a composite number?
True
Is 392134879879 a composite number?
True
Is 175122011 prime?
True
Is 1934601877 prime?
False
Is 41441809867 prime?
True
Is 553859291 a composite number?
True
Is 96799841701 a composite number?
False
Is 2880246073 a prime number?
False
Is 733740598 prime?
False
Is 14437953181 a prime number?
True
Is 9733457821 composite?
True
Is 3031024107 composite?
True
Is 62259027277 a prime number?
True
Is 2671439713 a composite number?
False
Is 112106159 a composite number?
True
Is 6018704543 composite?
False
Is 130280189371 a prime number?
True
Is 8309073793 prime?
False
Is 111926779 a prime number?
True
Is 956422021 composite?
False
Is 2079240323 a composite number?
True
Is 37828066819 prime?
True
Is 17608824967 a composite number?
False
Is 488934463 a prime number?
True
Is 16059492311 composite?
False
Is 2751083087 a prime number?
True
Is 1123849871 a composite number?
False
Is 35612704057 a composite number?
True
Is 343529753 a composite number?
True
Is 1528732745 composite?
True
Is 549990781 a prime number?
True
Is 24071010185 a composite number?
True
Is 796645463 a prime number?
True
Is 2174062117 prime?
True
Is 14396532971 prime?
True
Is 7889056289 prime?
False
Is 215609089 a prime number?
False
Is 24694606927 prime?
True
Is 1343568749 a prime number?
True
Is 141094368083 composite?
False
Is 50706472847 a prime number?
False
Is 24581105539 a prime number?
False
Is 5982787931 a composite number?
True
Is 25654936771 composite?
False
Is 1732644554 a prime number?
False
Is 556366829 prime?
True
Is 243112980847 a prime number?
False
Is 1013754347 a composite number?
True
Is 14638461083 composite?
True
Is 179400266393 prime?
True
Is 9878639387 prime?
False
Is 3913662151 prime?
False
Is 28824286037 a composite number?
True
Is 935113327 a composite number?
True
Is 113272524707 a composite number?
False
Is 1602582271 prime?
False
Is 23607602251 prime?
False
Is 4593659167 a composite number?
True
Is 8009726743 prime?
True
Is 8797285751 composite?
False
Is 82128514051 a prime number?
False
Is 4179182071 prime?
True
Is 314732479 a prime number?
False
Is 20113959043 a prime number?
False
Is 1295813959 a composite number?
True
Is 1210284841 a prime number?
True
Is 1354924237 a prime number?
False
Is 1976741747 prime?
False
Is 15733274719 composite?
False
Is 11285781569 a prime number?
True
Is 3064037065 a prime number?
False
Is 714953809 composite?
False
Is 3126109367 prime?
True
Is 35175521179 a composite number?
False
Is 2422355539 composite?
False
Is 77945237791 composite?
True
Is 6280391329 a prime number?
True
Is 27547624003 a prime number?
False
Is 2323274879 composite?
True
Is 2669513771 a prime number?
False
Is 33840896545 composite?
True
Is 1751764697 prime?
True
Is 2630259659 composite?
True
Is 2444382503 a composite number?
False
Is 1578799039 composite?
False
Is 59152240871 composite?
False
Is 38560465799 composite?
False
Is 3294152117 prime?
True
Is 27903504847 composite?
False
Is 94934339 a composite number?
False
Is 90170167 composite?
False
Is 5022429317 a prime number?
False
Is 1695847981 a prime number?
True
Is 128645084969 prime?
False
Is 759040483 a composite number?
False
Is 19117604153 prime?
False
Is 4607510779 composite?
False
Is 2171093629 a prime number?
False
Is 13396067551 a composite number?
True
Is 3931095121 composite?
False
Is 622964233 prime?
False
Is 70533549119 prime?
False
Is 2860578583 prime?
False
Is 9918961631 a prime number?
False
Is 2256964471 prime?
True
Is 2064022453 composite?
True
Is 380555549 prime?
False
Is 365714647 a prime number?
False
Is 4391945561 composite?
True
Is 21257043 composite?
True
Is 7873003843 a prime number?
True
Is 20354988383 a composite number?
True
Is 91217849 prime?
False
Is 85585887301 a prime number?
False
Is 1203285229 prime?
False
Is 158262366349 a prime number?
True
Is 446315137 prime?
False
Is 27188624987 a prime number?
False
Is 326804789 a prime number?
True
Is 3787753747 composite?
False
Is 4622298319 a prime number?
True
Is 236345827 a prime number?
True
Is 4763436947 prime?
True
Is 24278393543 composite?
True
Is 2881276253 composite?
False
Is 5215195877 a composite number?
False
Is 2522453749 prime?
False
Is 304987217 a composite number?
False
Is 34871617171 composite?
False
Is 18109635541 a prime number?
True
Is 15159373 a prime number?
False
Is 7559713201 a composite number?
True
Is 8687771 prime?
True
Is 23311289839 a composite number?
False
Is 24046013209 composite?
True
Is 93869593 prime?
True
Is 55124881205 composite?
True
Is 3526031053 a composite number?
False
Is 6662990541 composite?
True
Is 316080431 composite?
True
Is 91063247 prime?
False
Is 4476356791 a composite number?
False
Is 9918564869 a composite number?
True
Is 39762667849 a composite number?
False
Is 5036493755 a prime number?
False
Is 167240317 composite?
False
Is 181166685283 a composite number?
False
Is 736382921 prime?
True
Is 264783973169 a prime number?
True
Is 291089041 composite?
True
Is 1903195171 a prime number?
False
Is 252341461 composite?
False
Is 683106331 a composite number?
False
Is 1194454529 a composite number?
True
Is 12263123 prime?
True
Is 127840299773 composite?
True
Is 133460396621 prime?
True
Is 911098367 a composite number?
False
Is 55555837193 prime?
False
Is 23096379563 a prime number?
True
Is 46993403 a prime number?
False
Is 10340909731 composite?
False
Is 222770923 prime?
True
Is 4031047499 composite?
False
Is 338672197 composite?
False
Is 592117759 a composite number?
True
Is 768465611 prime?
False
Is 855350989 a prime number?
True
Is 5930851769 prime?
False
Is 91690415 composite?
True
Is 72137335591 prime?
True
Is 661404077 a prime number?
False
Is 31002535037 a prime number?
True
Is 14336775647 composite?
False
Is 291274306481 composite?
False
Is 46392323806 a composite number?
True
Is 889637134 prime?
False
Is 300831277 composite?
False
Is 3500116013 composite?
False
Is 9946444013 composite?
True
Is 913231243 composite?
False
Is 343807978511 prime?
False
Is 8830207885 a composite number?
True
Is 335103101 prime?
False
Is 44092897859 composite?
False
Is 18415516037 a composite number?
False
Is 11416375909 prime?
False
Is 123885380649 composite?
True
Is 52287160987 composite?
True
Is 2732391391 composite?
False
Is 4069151863 a prime number?
False
Is 155571740101 prime?
False
Is 119223552079 composite?
False
Is 1246069403 prime?
True
Is 304324903 prime?
True
Is 823250047 prime?
False
Is 342415831 a prime number?
False
Is 5633768015 a composite number?
True
Is 5218211023 a prime number?
False
Is 32125693451 a composite number?
True
Is 974635469 a composite number?
True
Is 9971471387 composite?
False
Is 3805706341 prime?
True
Is 21893650817 a composite number?
False
Is 345567767 a prime number?
True
Is 13202098027 a composite number?
True
Is 1603911343 a prime number?
True
Is 56515466027 a prime number?
True
Is 3731486009 composite?
True
Is 1920671213 a prime number?
True
Is 947880457 prime?
False
Is 7572020487 a prime number?
False
Is 126257339161 prime?
True
Is 69726783289 a prime number?
True
Is 2083993357 a composite number?
False
Is 67064881319 composite?
False
Is 31134025877 a prime number?
False
Is 5606634473 a prime number?
False
Is 368039801 prime?
False
Is 226396237 a prime number?
True
Is 2705489989 a composite number?
False
Is 54733070297 prime?
True
Is 699356261 composite?
False
Is 2842215878 composite?
True
Is 182617383349 a composite number?
True
Is 2647176739 a composite number?
True
Is 1643937983 prime?
False
Is 27460318521 a prime number?
False
Is 25901411009 prime?
True
Is 1041097943 composite?
False
Is 145607102 a prime number?
False
Is 1614330958 a prime number?
False
Is 15793273189 prime?
False
Is 1026474931 prime?
True
Is 450148747 composite?
False
Is 34924606721 a composite number?
False
Is 5786